t b(q) = 13*q**2 + 28*q - 67. Calculate the remainder when b(3) is divided by (2/5)/((-2)/(-170)).
32
Calculate the remainder when 2529 is divided by (4/(-6))/((-6)/(-54)) + 18.
9
Let i(t) be the third derivative of t**6/120 - 7*t**5/20 + 7*t**4/8 + 13*t**3/6 - 8*t**2. Suppose -f = -8 - 4. What is the remainder when i(20) is divided by f?
9
Let u(n) = -62*n - 252. Calculate the remainder when 446 is divided by u(-6).
86
Let y(b) = 2*b**3 + 5*b**2 - 4*b. Let u be y(-5). What is the remainder when 7 is divided by u/(-25) + (-1)/5?
3
Suppose 3*k + 8 = -j, -5 + 1 = 5*j + 3*k. Suppose j = -2*q + 7. Let z(l) = l**3 + 45*l**2 - 2*l - 85. What is the remainder when z(-45) is divided by q?
2
Calculate the remainder when 1999 is divided by (-2 + (-12)/15)/((-94)/235).
4
Calculate the remainder when 69 is divided by 0 + (-3 - -39) - 0.
33
Let g(t) = 31*t**2 - 5*t - 5. What is the remainder when g(-3) is divided by 29?
28
What is the remainder when 90 + 2 + 18/((-6)/1) is divided by 10?
9
Suppose 0 = 12*o - 920 + 632. Suppose -12 - 33 = -3*x. What is the remainder when o is divided by x?
9
Let a(k) = 40*k**3 - k**2. Let f(v) = v**3 + v**2 - v. Let j be f(1). Calculate the remainder when a(j) is divided by 6.
3
Suppose -94 = -i - 0*i. Let y be (-2)/(1/(i/4)). Let r = 87 + y. What is the remainder when r is divided by 21?
19
Suppose 0 = -41*z + 124 + 245. Calculate the remainder when 141 is divided by z.
6
Suppose 17*i - 12*i = 35. Suppose -3*t = -i - 2. Suppose 2*c = 8*v - 3*v - 21, v = -c. Calculate the remainder when v is divided by t.
0
Suppose 2*m = 17 + 51. Suppose -8*w + 115 = -37. Calculate the remainder when m is divided by w.
15
Let f = 112 - 162. Let l be (-1)/3 - f/6. Suppose -6*w = -l*w + 18. Calculate the remainder when 17 is divided by w.
8
Suppose t + 2 - 9 = 0. Suppose 3*x + 2*y = t*y + 31, 3 = -x - y. Suppose 3*w + x*d = 80, 2*w + d - 52 = -0*w. Calculate the remainder when w is divided by 13.
11
Let d = 10 - 2. Suppose m = -3 + 12. Calculate the remainder when (-11 - 0)*(m - 11) is divided by d.
6
Let l = 163 + -136. Calculate the remainder when 50 is divided by l.
23
Let l = -76 - -134. Let f = l - 42. What is the remainder when 22 is divided by f?
6
Let n = 1149 - 1142. Calculate the remainder when 586 is divided by n.
5
Let m be (-2822)/(-119) + 4/14. Suppose -m = -5*f + 3*f. Calculate the remainder when (23/2*-2)/(-1) is divided by f.
11
Suppose 0 = j + 3*h, -2*h + h - 8 = -j. Suppose 2*i = -2*o + 68, 2*o - j*i + 2*i = 68. What is the remainder when o is divided by 4?
2
Suppose 40 + 23 = 3*b. Suppose 2*o - 118 = 2*u - 0*u, 53 = o + 5*u. Calculate the remainder when o is divided by b.
16
Suppose 5*f + 225 = -0*f. Let x = -26 - f. What is the remainder when 56 is divided by x?
18
What is the remainder when 124/930 + (-23353)/(-15) is divided by 30?
27
Suppose -13 = 5*k - 78. Let q be (-2 - 4)*(-1)/6*-3. What is the remainder when (-2)/q*69/2 is divided by k?
10
Let p be 318/(-12) - 9/(-6). Let o = -12 - p. Calculate the remainder when o is divided by 8/(-1 - 0 - -2).
5
Let o(a) = -2*a**3 - 72*a**2 + 52*a + 69. What is the remainder when o(-37) is divided by 149?
138
Let v(m) = 2*m**3 - 7*m. Let s be v(-6). Let u(t) = t**3 + 8*t**2 + 7*t - 8. What is the remainder when ((-1)/3)/(2/s) is divided by u(-6)?
21
Let y be (-8)/(-3) + 0 - (-6)/18. Suppose -y*d = -2*d - 107. Suppose -2*p + 2*s + 46 = 0, 3*s - 5 = 4*p - 101. Calculate the remainder when d is divided by p.
26
Suppose 0 = -0*d + 2*d + 18. What is the remainder when 519/27 + 2/d is divided by 10?
9
Let l(u) = -8*u - 11. Let o be l(4). Let g = o + 90. Calculate the remainder when g is divided by 25.
22
Calculate the remainder when (-156352)/(-280) + 4/(-10) is divided by 28.
26
Calculate the remainder when 96*(6 - 5)*(-12)/(-3) is divided by 127.
3
Suppose -4*t - 2*k + 338 = -0*k, 0 = t - 4*k - 107. Let z = 542 + -527. What is the remainder when t is divided by z?
12
Suppose -252 = 5*t - 11*t. Suppose 2*w + 5*k - t = -5, -5*w + 103 = 2*k. What is the remainder when 58 is divided by w?
16
Suppose -132 + 122 = -2*l. What is the remainder when 116 is divided by l?
1
Let r = -5 + 7. Suppose -4*w = -3*w - 5, r*j + 4*w - 94 = 0. Let h(k) = -2*k + 7. What is the remainder when j is divided by h(-6)?
18
Suppose 0 = -d + j + 645, -5*d + 1928 = -2*d + 4*j. Calculate the remainder when d is divided by 26.
20
Calculate the remainder when (-7 - (-118)/3)/((-2)/(-6)) is divided by 25.
22
Let v(d) = 16*d - 43. Calculate the remainder when 18 is divided by v(3).
3
Suppose -91*l + 111*l = 500. Calculate the remainder when 124 is divided by l.
24
Let d(r) = 186*r**2 - 126*r. Calculate the remainder when d(1) is divided by 127/4 + 2/8.
28
Let a = -25 - -33. Let s(w) = -w**3 + 8*w**2 + w - 6. What is the remainder when a is divided by s(8)?
0
Suppose 5*q - 351 - 179 = 0. Suppose 0 = 2*r - q - 6. What is the remainder when r is divided by 15?
11
Suppose l = -5*q + 3*q + 12, -4*q - 3*l + 20 = 0. Let w = -1 - -4. Calculate the remainder when q is divided by w.
2
Let s = 44 + -25. Let m = -8 + s. What is the remainder when 96 is divided by m?
8
Suppose 0*y + 2*y + 14 = 0. Let l = 15 + y. Let r = -321 + 335. What is the remainder when r is divided by l?
6
Let s(h) = -h**2 - 2*h - 4. Let f be s(-4). Let u(r) = r**2 + 9*r - 1. Calculate the remainder when 69 is divided by u(f).
34
Suppose 0*y + 3*a = 4*y - 678, 2*y + a - 334 = 0. What is the remainder when y is divided by 43?
39
Let x(n) = 69*n + 2. Let l be x(2). Suppose -4*f + 233 = -2*s - 77, 0 = s + 3*f + l. Calculate the remainder when 1*-1*(8 + s) is divided by 36.
33
Suppose 5 = j - 5. Suppose -2*i - i + 28 = 2*k, 0 = -4*i - k + 29. Suppose -19 - 89 = -i*n. What is the remainder when n is divided by j?
8
Let o(b) = 2*b**2 + 17*b - 3. Suppose 5*n - 48 = 9*n. What is the remainder when o(n) is divided by 17?
13
Let k be 0 + 15 + 2 + -3. Suppose 144 = 5*r + k. Calculate the remainder when (-1 - (2 - 0)) + r is divided by 8.
7
Let b = -708 - -1278. What is the remainder when b is divided by 26?
24
Let n = 218 + -185. Calculate the remainder when n is divided by 29.
4
Suppose -4*h = -5 - 7. Calculate the remainder when ((-3441)/62)/((-2)/(8/h)) is divided by 15.
14
Suppose -x + i + 29 = 13, -5*x + 77 = -2*i. Suppose -2*o + 6*o - 56 = 0. Suppose -o = -5*g + 16. Calculate the remainder when x is divided by g.
3
Let d = -105 + 71. Let c = -24 - d. Calculate the remainder when 19 is divided by c.
9
Suppose -f + 30 = 27, 2*t - f - 369 = 0. What is the remainder when t is divided by 33?
21
Let i(s) = -2*s**2 - 3*s + 3. Let z be i(-3). Let y = z + 25. Let f = 32 - y. What is the remainder when 51 is divided by f?
12
Let u = -870 - -895. Let g(m) = -m**3 + 6*m**2 + 7. Calculate the remainder when u is divided by g(6).
4
Suppose 0 = i + 13 - 37. Suppose -6 = -t + x, 2*x + 2 = -5*t + 11. Suppose t*h = 7*h - 36. Calculate the remainder when i is divided by h.
6
Let d be 140/(-4 + 2) + -1 + -2. Let k = d - -95. Calculate the remainder when 42 is divided by k.
20
Let h = -36 + 60. Let v = -21 + h. Suppose 0 = -v*c - 2*y + 30, -5*y - 43 = -5*c - 6*y. Calculate the remainder when 14 is divided by c.
6
Suppose 0 = -40*p + 23*p + 1445. Calculate the remainder when p is divided by 34.
17
Let k(o) = -328*o + 33. Let d be k(-3). Suppose 0 = -8*t - 41 + d. What is the remainder when t is divided by 25?
22
Let g(z) = z**3 + 11*z**2 - 11*z + 9. Let w be g(-12). Let x(t) = t**3 + 6*t**2 - 2*t + 4. What is the remainder when x(w) is divided by 23?
14
Suppose -5*n + 19 = y, 3*n - 6*n = -3. Suppose 0 = 12*l - 158 + y. Calculate the remainder when l is divided by 7.
5
What is the remainder when 236 - -2 - (6 + -2 + -5) is divided by 15?
14
Suppose 3 = -z, -4*l - 5*z = -7*z - 1146. What is the remainder when l is divided by 18?
15
Suppose -21 - 2 = -p. Let f = -4 - -8. Suppose -4*w = 3*i - 6*i - 360, -f*w - i = -360. Calculate the remainder when w is divided by p.
21
Suppose -n + 5*s = -7, 34*s = -4*n + 30*s + 28. What is the remainder when 579 is divided by n?
5
Let z = -63 + 31. Let x = -7 - z. Let w = x + -19. What is the remainder when 14 is divided by w?
2
Suppose o + 8 = -3*o. Calculate the remainder when (o - -3) + (-3)/(-1) is divided by 3/1*6/9.
0
Suppose 8*u - 803 = 37. W